-2*c + i. What are the prime factors of c?
3, 5
Let d = -46 - -44. What are the prime factors of 858/(d + 5)*1/2?
11, 13
Let b(x) = -x**2 - 31*x + 70. List the prime factors of b(-24).
2, 7, 17
Let a(y) = -370*y + 85. What are the prime factors of a(-3)?
5, 239
Let x = 531 + 26. List the prime factors of x.
557
Suppose w = 6*w - 25, -3*i - 3*w = -12. Suppose 0*h - 4*h = 12. What are the prime factors of (-3 + i)/(1 + h)?
2
Let b(m) = 6*m**2 + 3*m + 2. Let d be b(-1). What are the prime factors of d/2*106/5?
53
What are the prime factors of 50/3 - ((-4)/12 - 0)?
17
Suppose -3060 = -5*k + 5*w, -21*k + 24*k + 4*w = 1815. List the prime factors of k.
3, 7, 29
Suppose -z + 5*h - 18 = 0, h - 26 = 4*z - 7*z. Let n(y) = -6*y. Let p be n(-1). Suppose z*b = p*b + 26. List the prime factors of b.
2, 13
Let p(l) = -l**3 + 9*l**2 - l + 10. Let w be p(9). Let a be (-2 + w + 0)*-11. What are the prime factors of a/3*(-42)/(-7)?
2, 11
Let v(r) = -66*r**2. Let l be v(-1). Let b be 0/(0 - -4) + 113 + 2. Let w = l + b. What are the prime factors of w?
7
Suppose 22*u - 101478 = -31650. List the prime factors of u.
2, 3, 23
Let l(r) = -2*r**3 + 64*r**2 - 35*r - 21. What are the prime factors of l(31)?
2, 3, 17
Let u be ((-604)/(-8))/((-1)/(-2)). Suppose u + 65 = 6*j. List the prime factors of j.
2, 3
Let z = -45 - -47. Suppose -3*r = -9, -r - 181 = -2*f - 10. Suppose 36 = z*w + 2*o, -3*w - o = w - f. List the prime factors of w.
23
Let d = 104 + -63. Let h = 5 + 4. Suppose -h + d = 2*b. What are the prime factors of b?
2
Let n(o) = 10*o**2 + o - 1. Let i be n(2). Let s = -103 - -85. Let x = i + s. List the prime factors of x.
23
Suppose 8160 = 5*o - 4*b, 0 = o - 4*o - 5*b + 4933. What are the prime factors of o?
2, 409
Let t(n) be the first derivative of -n**4/4 + 2*n**3 - 3*n**2 + 2*n - 3. Let m be t(5). Let q(h) = -7*h + 2. List the prime factors of q(m).
23
What are the prime factors of (3 - (-27)/9) + 925?
7, 19
Let p(c) = c**2 + 13*c + 26. Let f be 2/(-4)*(-22)/(-1). Let n be p(f). Suppose l - 46 = -5*a, -3*a + 115 = n*l - 6*a. What are the prime factors of l?
31
Let d = 24 - 24. Suppose d*c = -5*c - 5. List the prime factors of (-3)/(c + (-23)/(-26)).
2, 13
Let c = 33 + -97. Let r = c - -106. Let d = -16 + r. What are the prime factors of d?
2, 13
Let j(m) = -2*m - 8. Let x be j(-5). Suppose -4*t = x*z, z = 2*z - 3*t. Suppose -5*y - 5*p + 165 = -z*y, -4*p - 20 = 0. What are the prime factors of y?
2, 19
Let g = -26 - -30. Suppose -3*v + 3*c + 86 - 23 = 0, -v - g*c = -31. List the prime factors of v.
23
Let v(b) = b**3 - 5*b**2 + 3*b + 1. Let t be v(3). Let g(d) = -d**3 - 7*d**2 - 4*d - 2. Let c be g(-5). Let u = t - c. What are the prime factors of u?
2, 3
Let l(o) = o**3 + o**2 - 3. Suppose 0 = -26*c + 21*c. Let q be l(c). Let i = 22 - q. What are the prime factors of i?
5
Suppose 0 = 11*i - 2088 - 2092. What are the prime factors of i?
2, 5, 19
Suppose 0 = -4*s + 2*s. Let p be (-12)/(-24)*(0 - s). Suppose 7 = -2*k + 3*i + 40, p = 5*k + 5*i - 120. List the prime factors of k.
3, 7
Let x(q) be the third derivative of q**4/2 + 13*q**3/2 - 12*q**2. List the prime factors of x(5).
3, 11
Suppose -4*j = -3*d - 493, 0 = 2*j - 4*d + 37 - 281. Let x = j - 56. List the prime factors of x.
2, 17
Suppose -2*p = -9 + 3. Suppose -3*z = f - 80, -5*z + 2*f + 136 = p*f. Let g = z - 9. What are the prime factors of g?
19
Suppose -1 = o + 2. Suppose -h = -3*b + 26, -2*b - 282*h + 285*h = -15. Let s = b + o. List the prime factors of s.
2, 3
Let x = 223 + -163. List the prime factors of x.
2, 3, 5
Let w = 15 + -11. Suppose w*u = -3*u + 84. List the prime factors of u.
2, 3
Let f be ((-1)/2)/((-16)/(-94464)). List the prime factors of f/(-10) + 9/(-45).
5, 59
Suppose 3*n - 19 = 5. Let z = n - 3. Suppose 2*k - z*k + 63 = 0. What are the prime factors of k?
3, 7
Let g = -12 + 17. Let z(m) = 7*m - 7. Let q be z(g). Suppose -h = -14 - q. What are the prime factors of h?
2, 3, 7
Let g be (0 - 6)/((-3)/6). Let d = -9 + g. Suppose -2*q - 46 = -4*v, 2*v - 2*q = -d*v + 57. What are the prime factors of v?
11
Let l = -114 + 120. Let y(k) = 3 + k**3 + 8*k + 6*k**2 - 5*k**3 + 3*k**3. What are the prime factors of y(l)?
3, 17
List the prime factors of (-597628)/(-318) - (-4)/(-3).
2, 3, 313
Suppose 2*y = 6*y + 108. Suppose j = -3*l - 18, -50 = 5*j - 4*l - 17. What are the prime factors of ((-14)/(-3))/(j/y)?
2, 7
Let v(f) = -28*f - 14. Let s = 8 + -10. List the prime factors of v(s).
2, 3, 7
Let z be 15 + ((-8)/(-5))/(14/(-35)). Let i(k) = 7*k - 37. List the prime factors of i(z).
2, 5
Let d = 6 - 23. Let y(p) = p + 47. Let j be y(-18). Let b = d + j. List the prime factors of b.
2, 3
Let z be 6/6*(3 + -1 - -1). Suppose 4*x = z*w - 513, -5*w - 4*x - 429 + 1284 = 0. List the prime factors of w.
3, 19
Suppose -588 = -6*a - 0*a. What are the prime factors of a/4 + 6/12?
5
Suppose 0 = -0*q + 5*q + h - 5685, 2*q = 5*h + 2247. Suppose -k = 7*k - q. What are the prime factors of k?
2, 71
Let k = -43 - -45. Suppose -4*o = -4*h - 168, 5*o + k*h - 93 = 82. What are the prime factors of o?
37
Suppose -3*z - 9*t + 105 = -4*t, -z + 18 = -4*t. List the prime factors of z.
2, 3, 5
Suppose -70 = 9*d - 11*d. Let z = 59 - d. List the prime factors of z.
2, 3
Suppose -t + 2*o = 8, -t + 4*o = 3*t + 28. Let a(n) = n**2 + n - 2. Let h(l) = 5*l**2 + 7*l - 13. Let j(d) = -4*a(d) + h(d). List the prime factors of j(t).
13
Let m(l) = -65*l - 706. What are the prime factors of m(-24)?
2, 7, 61
Let r = 2 + 0. Let g(k) = -6*k - 13. Let f be g(-3). Suppose 0 = x + r*q + q - 6, -x = f*q. What are the prime factors of x?
3, 5
Let t(u) be the first derivative of u**2/2 + 23*u + 1. List the prime factors of t(-5).
2, 3
Suppose x - 4*x + 24 = 0. Let v(m) = -m**3 - 8*m**2 + 3*m + 18. Let j be v(-8). List the prime factors of -6*x/j*1.
2
List the prime factors of -1 + 192 + 3*5/(-15).
2, 5, 19
Let x be (-8 - (-4)/2)*5/(-10). Suppose f = 2*q - 310 + 87, -x*f + 530 = 5*q. What are the prime factors of q?
109
Suppose -96*c = -108*c + 14748. List the prime factors of c.
1229
Suppose -5*m - 2*n = -4*n - 1474, 302 = m - 4*n. What are the prime factors of m?
2, 3, 7
Suppose -4*w - 87 = -w. Let x = w - -70. What are the prime factors of x?
41
Let m be (-1 - -11)*(-12)/(-24). Let w = m - -19. List the prime factors of w.
2, 3
Suppose 30 = 3*h - 9*h. Let n(s) = -3*s**3 - 9*s**2 - 6*s + 11. List the prime factors of n(h).
191
Let r = -273 - -514. List the prime factors of r.
241
Let o = -937 + 1610. What are the prime factors of o?
673
Let b(a) = 11*a - 16. Let n be (9/5)/(6/20). List the prime factors of b(n).
2, 5
Suppose 7 = 2*b - 3. Suppose b*d + d = 894. What are the prime factors of d?
149
Suppose 0 = -9*a + 6*a + 9. Let u be a - 3/3 - -4. What are the prime factors of u/(-4)*(-2 + -30)?
2, 3
Let l(b) = -11*b - 39. Let a be l(7). Let s = 1 - a. What are the prime factors of s?
3, 13
Let s = 40 + -74. Suppose 0 = -z - 4*r - 51, 2*z - 2*r + 157 = r. Let x = s - z. List the prime factors of x.
37
Let n = -7 - -9. What are the prime factors of 3047/22 + 1/n*-1?
2, 3, 23
Suppose -133*p + 141*p = 16. Suppose 4*t = 5*x + 2*t - 15, -3 = -x - 3*t. Suppose -3*f + 2*u + x*u = -205, p*u = 4*f - 264. List the prime factors of f.
5, 13
Suppose 22 = 2*l + 2. Suppose 0 = 4*g + 20, 0 = -0*b + b + 5*g + l. What are the prime factors of b?
3, 5
Suppose 5*v - 2 = 2*a + 18, 0 = 2*v + 5*a + 21. Let f(h) = -2*h - 8*h + 16*h + 6*h**v - 4 + h**3 - 5*h. List the prime factors of f(-5).
2
Suppose -5*p - 14 = -b, p - 3 = -2*b + 3. Let x = 2 - b. List the prime factors of -1 + (2 - 1) - x.
2
Let i(f) = 17*f + 53. Let r(d) = 1. Let n(t) = -i(t) + 4*r(t). List the prime factors of n(-9).
2, 13
Let y = -1376 - -3935. What are the prime factors of y?
3, 853
Let u be (5*1)/((-7)/(-91)). Let s = -38 + u. What are the prime factors of 5/(30/s)*4?
2, 3
Suppose -7686 = -6*q + 3768. Suppose 11*a - q = 1193. What are the prime factors of a?
2, 3, 47
Suppose -31*r - 3*p = -35*r + 19723, 9829 = 2*r + 5*p. List the prime factors of r.
13, 379
Suppose -1542 = -2*b - 5*h, -4*h + 1061 = 3*b - 1259. List the prime factors of b.
2, 97
Let j(p) = p**3 + 2*p**2 - 3*p + 1. Let f be j(-3). What are the prime factors of f - 1 - 96/(0 - 2)?
2, 3
Let q(m) = 13 + 8*m - 4*m - 2*m - 